{"id":101235,"date":"2023-02-22T14:40:39","date_gmt":"2023-02-22T13:40:39","guid":{"rendered":"https:\/\/www.versiegelung24.com\/oberflaechen\/lakokocsi-teto\/"},"modified":"2024-01-12T18:21:08","modified_gmt":"2024-01-12T17:21:08","slug":"lakokocsi-teto","status":"publish","type":"ver_surface","link":"https:\/\/www.versiegelung24.com\/hu\/feluletek\/lakokocsi-teto\/","title":{"rendered":"Lak\u00f3kocsi tet\u0151"},"content":{"rendered":"<p>Lak\u00f3kocsi tet\u0151szigetel\u00e9s<\/p>\n<p>A lak\u00f3kocsik teteje folyamatosan ki van t\u00e9ve a k\u00f6rnyezeti hat\u00e1soknak, \u00e9s nagym\u00e9rt\u00e9k\u0171 kop\u00e1snak van kit\u00e9ve. Ez\u00e9rt fontos a lak\u00f3kocsi tetej\u00e9nek rendszeres tiszt\u00edt\u00e1sa, karbantart\u00e1sa \u00e9s jav\u00edt\u00e1sa, hogy meghosszabb\u00edtsa \u00e9lettartam\u00e1t. A lak\u00f3kocsi-tet\u0151 bevonata vagy v\u00edzszigetel\u00e9se seg\u00edthet megv\u00e9deni a tet\u0151t a napf\u00e9ny, az es\u0151 \u00e9s a h\u00f3 okozta k\u00e1rokt\u00f3l.<\/p>\n<p>El\u0151sz\u00f6r is, a lak\u00f3kocsi tetej\u00e9t alaposan meg kell tiszt\u00edtani, miel\u0151tt lez\u00e1rt\u00e1k volna. A lak\u00f3kocsi tet\u0151 karbantart\u00e1sa szint\u00e9n fontos, hogy a tet\u0151 j\u00f3 \u00e1llapotban maradjon. Ha a tet\u0151 sziv\u00e1rog vagy jav\u00edt\u00e1sra szorul, lak\u00f3kocsi-tet\u0151 t\u00f6m\u00edt\u0151anyagot vagy jav\u00edt\u00f3 term\u00e9keket kell haszn\u00e1lni.<\/p>\n<p>A lak\u00f3kocsi-tet\u0151\u00e1pol\u00f3 term\u00e9kek \u00e9s bevon\u00f3szerek k\u00fcl\u00f6nb\u00f6z\u0151 v\u00e1ltozatokban kaphat\u00f3k. V\u00e1s\u00e1rl\u00e1skor gy\u0151z\u0151dj\u00f6n meg arr\u00f3l, hogy a term\u00e9k alkalmas a lak\u00f3kocsi tetej\u00e9nek adott anyag\u00e1hoz.<\/p>\n<p>Ha a lak\u00f3kocsi teteje fel\u00faj\u00edt\u00e1sra szorul, a tet\u0151bevonat vagy a v\u00edzszigetel\u00e9s k\u00f6lts\u00e9ghat\u00e9kony megold\u00e1st jelenthet. Fontos azonban, hogy a munk\u00e1t egy lak\u00f3kocsi-tet\u0151 szakember v\u00e9gezze el, hogy a tet\u0151 megfelel\u0151 jav\u00edt\u00e1s\u00e1t \u00e9s t\u00f6m\u00edt\u00e9s\u00e9t biztos\u00edtsa.<\/p>\n<p>A Versiegelung24.com sz\u00e1mos term\u00e9ket k\u00edn\u00e1l a lak\u00f3kocsi tet\u0151szigetel\u00e9s\u00e9hez. Ha b\u00e1rmilyen k\u00e9rd\u00e9se van, a szervizcsapat sz\u00edvesen seg\u00edt.<\/p>\n","protected":false},"excerpt":{"rendered":"<p>Lak\u00f3kocsi tet\u0151szigetel\u00e9s A lak\u00f3kocsik teteje folyamatosan ki van t\u00e9ve a k\u00f6rnyezeti hat\u00e1soknak, \u00e9s nagym\u00e9rt\u00e9k\u0171 kop\u00e1snak van kit\u00e9ve. Ez\u00e9rt fontos a lak\u00f3kocsi tetej\u00e9nek rendszeres tiszt\u00edt\u00e1sa, karbantart\u00e1sa \u00e9s jav\u00edt\u00e1sa, hogy meghosszabb\u00edtsa \u00e9lettartam\u00e1t. A lak\u00f3kocsi-tet\u0151 bevonata vagy v\u00edzszigetel\u00e9se seg\u00edthet megv\u00e9deni a tet\u0151t a napf\u00e9ny, az es\u0151 \u00e9s a h\u00f3 okozta k\u00e1rokt\u00f3l. El\u0151sz\u00f6r is, a lak\u00f3kocsi tetej\u00e9t alaposan meg&hellip;&nbsp;<a href=\"https:\/\/www.versiegelung24.com\/hu\/feluletek\/lakokocsi-teto\/\" rel=\"bookmark\">Read More &raquo;<span class=\"screen-reader-text\">Lak\u00f3kocsi tet\u0151<\/span><\/a><\/p>\n","protected":false},"featured_media":0,"template":"","meta":{"_acf_changed":false,"neve_meta_sidebar":"","neve_meta_container":"","neve_meta_enable_content_width":"","neve_meta_content_width":0,"neve_meta_title_alignment":"","neve_meta_author_avatar":"","neve_post_elements_order":"","neve_meta_disable_header":"","neve_meta_disable_footer":"","neve_meta_disable_title":"","neve_meta_reading_time":""},"class_list":["post-101235","ver_surface","type-ver_surface","status-publish","hentry"],"acf":[],"yoast_head":"<!-- This site is optimized with the Yoast SEO Premium plugin v22.8 (Yoast SEO v27.5) - https:\/\/yoast.com\/product\/yoast-seo-premium-wordpress\/ -->\n<title>Lak\u00f3kocsi tet\u0151szigetel\u00e9s<\/title>\n<meta name=\"description\" content=\"V\u00e9dje lak\u00f3kocsij\u00e1nak tetej\u00e9t a k\u00f6rnyezeti hat\u00e1sokt\u00f3l lak\u00f3kocsi-tet\u0151 bevonattal vagy v\u00edzszigetel\u00e9ssel. Versiegelung24.com term\u00e9kek\" \/>\n<meta name=\"robots\" content=\"index, follow, max-snippet:-1, max-image-preview:large, max-video-preview:-1\" \/>\n<link rel=\"canonical\" href=\"https:\/\/www.versiegelung24.com\/hu\/feluletek\/lakokocsi-teto\/\" \/>\n<meta property=\"og:locale\" content=\"hu_HU\" \/>\n<meta property=\"og:type\" content=\"article\" \/>\n<meta property=\"og:title\" content=\"Lak\u00f3kocsi tet\u0151\" \/>\n<meta property=\"og:description\" content=\"V\u00e9dje lak\u00f3kocsij\u00e1nak tetej\u00e9t a k\u00f6rnyezeti hat\u00e1sokt\u00f3l lak\u00f3kocsi-tet\u0151 bevonattal vagy v\u00edzszigetel\u00e9ssel. Versiegelung24.com term\u00e9kek\" \/>\n<meta property=\"og:url\" content=\"https:\/\/www.versiegelung24.com\/hu\/feluletek\/lakokocsi-teto\/\" \/>\n<meta property=\"og:site_name\" content=\"versiegelung24.com\" \/>\n<meta property=\"article:modified_time\" content=\"2024-01-12T17:21:08+00:00\" \/>\n<meta name=\"twitter:card\" content=\"summary_large_image\" \/>\n<meta name=\"twitter:label1\" content=\"Becs\u00fclt olvas\u00e1si id\u0151\" \/>\n\t<meta name=\"twitter:data1\" content=\"1 perc\" \/>\n<script type=\"application\/ld+json\" class=\"yoast-schema-graph\">{\"@context\":\"https:\\\/\\\/schema.org\",\"@graph\":[{\"@type\":\"WebPage\",\"@id\":\"https:\\\/\\\/www.versiegelung24.com\\\/hu\\\/feluletek\\\/lakokocsi-teto\\\/\",\"url\":\"https:\\\/\\\/www.versiegelung24.com\\\/hu\\\/feluletek\\\/lakokocsi-teto\\\/\",\"name\":\"Lak\u00f3kocsi tet\u0151szigetel\u00e9s\",\"isPartOf\":{\"@id\":\"https:\\\/\\\/www.versiegelung24.com\\\/hu\\\/#website\"},\"datePublished\":\"2023-02-22T13:40:39+00:00\",\"dateModified\":\"2024-01-12T17:21:08+00:00\",\"description\":\"V\u00e9dje lak\u00f3kocsij\u00e1nak tetej\u00e9t a k\u00f6rnyezeti hat\u00e1sokt\u00f3l lak\u00f3kocsi-tet\u0151 bevonattal vagy v\u00edzszigetel\u00e9ssel. Versiegelung24.com term\u00e9kek\",\"breadcrumb\":{\"@id\":\"https:\\\/\\\/www.versiegelung24.com\\\/hu\\\/feluletek\\\/lakokocsi-teto\\\/#breadcrumb\"},\"inLanguage\":\"hu\",\"potentialAction\":[{\"@type\":\"ReadAction\",\"target\":[\"https:\\\/\\\/www.versiegelung24.com\\\/hu\\\/feluletek\\\/lakokocsi-teto\\\/\"]}]},{\"@type\":\"BreadcrumbList\",\"@id\":\"https:\\\/\\\/www.versiegelung24.com\\\/hu\\\/feluletek\\\/lakokocsi-teto\\\/#breadcrumb\",\"itemListElement\":[{\"@type\":\"ListItem\",\"position\":1,\"name\":\"Honlap\",\"item\":\"https:\\\/\\\/www.versiegelung24.com\\\/hu\\\/elol\\\/\"},{\"@type\":\"ListItem\",\"position\":2,\"name\":\"Tan\u00e1csad\u00f3\",\"item\":\"https:\\\/\\\/www.versiegelung24.com\\\/hu\\\/tanacsok-a-versiegelung24-termekeivel-kapcsolatban\\\/\"},{\"@type\":\"ListItem\",\"position\":3,\"name\":\"fel\u00fcletek\",\"item\":\"https:\\\/\\\/www.versiegelung24.com\\\/hu\\\/tanacsok-a-versiegelung24-termekeivel-kapcsolatban\\\/termekkereso\\\/\"},{\"@type\":\"ListItem\",\"position\":4,\"name\":\"Lak\u00f3kocsi tet\u0151\"}]},{\"@type\":\"WebSite\",\"@id\":\"https:\\\/\\\/www.versiegelung24.com\\\/hu\\\/#website\",\"url\":\"https:\\\/\\\/www.versiegelung24.com\\\/hu\\\/\",\"name\":\"versiegelung24.com\",\"description\":\"Fl\u00fcssigglas-Versiegelung - Made in Germany\",\"publisher\":{\"@id\":\"https:\\\/\\\/www.versiegelung24.com\\\/hu\\\/#organization\"},\"potentialAction\":[{\"@type\":\"SearchAction\",\"target\":{\"@type\":\"EntryPoint\",\"urlTemplate\":\"https:\\\/\\\/www.versiegelung24.com\\\/hu\\\/?s={search_term_string}\"},\"query-input\":{\"@type\":\"PropertyValueSpecification\",\"valueRequired\":true,\"valueName\":\"search_term_string\"}}],\"inLanguage\":\"hu\"},{\"@type\":\"Organization\",\"@id\":\"https:\\\/\\\/www.versiegelung24.com\\\/hu\\\/#organization\",\"name\":\"versiegelung24\",\"url\":\"https:\\\/\\\/www.versiegelung24.com\\\/hu\\\/\",\"logo\":{\"@type\":\"ImageObject\",\"inLanguage\":\"hu\",\"@id\":\"https:\\\/\\\/www.versiegelung24.com\\\/hu\\\/#\\\/schema\\\/logo\\\/image\\\/\",\"url\":\"https:\\\/\\\/www.versiegelung24.com\\\/wp-content\\\/uploads\\\/2020\\\/04\\\/versiegelung24.png\",\"contentUrl\":\"https:\\\/\\\/www.versiegelung24.com\\\/wp-content\\\/uploads\\\/2020\\\/04\\\/versiegelung24.png\",\"width\":470,\"height\":102,\"caption\":\"versiegelung24\"},\"image\":{\"@id\":\"https:\\\/\\\/www.versiegelung24.com\\\/hu\\\/#\\\/schema\\\/logo\\\/image\\\/\"}}]}<\/script>\n<!-- \/ Yoast SEO Premium plugin. -->","yoast_head_json":{"title":"Lak\u00f3kocsi tet\u0151szigetel\u00e9s","description":"V\u00e9dje lak\u00f3kocsij\u00e1nak tetej\u00e9t a k\u00f6rnyezeti hat\u00e1sokt\u00f3l lak\u00f3kocsi-tet\u0151 bevonattal vagy v\u00edzszigetel\u00e9ssel. Versiegelung24.com term\u00e9kek","robots":{"index":"index","follow":"follow","max-snippet":"max-snippet:-1","max-image-preview":"max-image-preview:large","max-video-preview":"max-video-preview:-1"},"canonical":"https:\/\/www.versiegelung24.com\/hu\/feluletek\/lakokocsi-teto\/","og_locale":"hu_HU","og_type":"article","og_title":"Lak\u00f3kocsi tet\u0151","og_description":"V\u00e9dje lak\u00f3kocsij\u00e1nak tetej\u00e9t a k\u00f6rnyezeti hat\u00e1sokt\u00f3l lak\u00f3kocsi-tet\u0151 bevonattal vagy v\u00edzszigetel\u00e9ssel. Versiegelung24.com term\u00e9kek","og_url":"https:\/\/www.versiegelung24.com\/hu\/feluletek\/lakokocsi-teto\/","og_site_name":"versiegelung24.com","article_modified_time":"2024-01-12T17:21:08+00:00","twitter_card":"summary_large_image","twitter_misc":{"Becs\u00fclt olvas\u00e1si id\u0151":"1 perc"},"schema":{"@context":"https:\/\/schema.org","@graph":[{"@type":"WebPage","@id":"https:\/\/www.versiegelung24.com\/hu\/feluletek\/lakokocsi-teto\/","url":"https:\/\/www.versiegelung24.com\/hu\/feluletek\/lakokocsi-teto\/","name":"Lak\u00f3kocsi tet\u0151szigetel\u00e9s","isPartOf":{"@id":"https:\/\/www.versiegelung24.com\/hu\/#website"},"datePublished":"2023-02-22T13:40:39+00:00","dateModified":"2024-01-12T17:21:08+00:00","description":"V\u00e9dje lak\u00f3kocsij\u00e1nak tetej\u00e9t a k\u00f6rnyezeti hat\u00e1sokt\u00f3l lak\u00f3kocsi-tet\u0151 bevonattal vagy v\u00edzszigetel\u00e9ssel. Versiegelung24.com term\u00e9kek","breadcrumb":{"@id":"https:\/\/www.versiegelung24.com\/hu\/feluletek\/lakokocsi-teto\/#breadcrumb"},"inLanguage":"hu","potentialAction":[{"@type":"ReadAction","target":["https:\/\/www.versiegelung24.com\/hu\/feluletek\/lakokocsi-teto\/"]}]},{"@type":"BreadcrumbList","@id":"https:\/\/www.versiegelung24.com\/hu\/feluletek\/lakokocsi-teto\/#breadcrumb","itemListElement":[{"@type":"ListItem","position":1,"name":"Honlap","item":"https:\/\/www.versiegelung24.com\/hu\/elol\/"},{"@type":"ListItem","position":2,"name":"Tan\u00e1csad\u00f3","item":"https:\/\/www.versiegelung24.com\/hu\/tanacsok-a-versiegelung24-termekeivel-kapcsolatban\/"},{"@type":"ListItem","position":3,"name":"fel\u00fcletek","item":"https:\/\/www.versiegelung24.com\/hu\/tanacsok-a-versiegelung24-termekeivel-kapcsolatban\/termekkereso\/"},{"@type":"ListItem","position":4,"name":"Lak\u00f3kocsi tet\u0151"}]},{"@type":"WebSite","@id":"https:\/\/www.versiegelung24.com\/hu\/#website","url":"https:\/\/www.versiegelung24.com\/hu\/","name":"versiegelung24.com","description":"Fl\u00fcssigglas-Versiegelung - Made in Germany","publisher":{"@id":"https:\/\/www.versiegelung24.com\/hu\/#organization"},"potentialAction":[{"@type":"SearchAction","target":{"@type":"EntryPoint","urlTemplate":"https:\/\/www.versiegelung24.com\/hu\/?s={search_term_string}"},"query-input":{"@type":"PropertyValueSpecification","valueRequired":true,"valueName":"search_term_string"}}],"inLanguage":"hu"},{"@type":"Organization","@id":"https:\/\/www.versiegelung24.com\/hu\/#organization","name":"versiegelung24","url":"https:\/\/www.versiegelung24.com\/hu\/","logo":{"@type":"ImageObject","inLanguage":"hu","@id":"https:\/\/www.versiegelung24.com\/hu\/#\/schema\/logo\/image\/","url":"https:\/\/www.versiegelung24.com\/wp-content\/uploads\/2020\/04\/versiegelung24.png","contentUrl":"https:\/\/www.versiegelung24.com\/wp-content\/uploads\/2020\/04\/versiegelung24.png","width":470,"height":102,"caption":"versiegelung24"},"image":{"@id":"https:\/\/www.versiegelung24.com\/hu\/#\/schema\/logo\/image\/"}}]}},"_links":{"self":[{"href":"https:\/\/www.versiegelung24.com\/hu\/wp-json\/wp\/v2\/ver_surface\/101235","targetHints":{"allow":["GET"]}}],"collection":[{"href":"https:\/\/www.versiegelung24.com\/hu\/wp-json\/wp\/v2\/ver_surface"}],"about":[{"href":"https:\/\/www.versiegelung24.com\/hu\/wp-json\/wp\/v2\/types\/ver_surface"}],"wp:attachment":[{"href":"https:\/\/www.versiegelung24.com\/hu\/wp-json\/wp\/v2\/media?parent=101235"}],"curies":[{"name":"wp","href":"https:\/\/api.w.org\/{rel}","templated":true}]}}

Lakókocsi tető

<p>Lakókocsi tetőszigetelés</p>
<p>A lakókocsik teteje folyamatosan ki van téve a környezeti hatásoknak, és nagymértékű kopásnak van kitéve. Ezért fontos a lakókocsi tetejének rendszeres tisztítása, karbantartása és javítása, hogy meghosszabbítsa élettartamát. A lakókocsi-tető bevonata vagy vízszigetelése segíthet megvédeni a tetőt a napfény, az eső és a hó okozta károktól.</p>
<p>Először is, a lakókocsi tetejét alaposan meg kell tisztítani, mielőtt lezárták volna. A lakókocsi tető karbantartása szintén fontos, hogy a tető jó állapotban maradjon. Ha a tető szivárog vagy javításra szorul, lakókocsi-tető tömítőanyagot vagy javító termékeket kell használni.</p>
<p>A lakókocsi-tetőápoló termékek és bevonószerek különböző változatokban kaphatók. Vásárláskor győződjön meg arról, hogy a termék alkalmas a lakókocsi tetejének adott anyagához.</p>
<p>Ha a lakókocsi teteje felújításra szorul, a tetőbevonat vagy a vízszigetelés költséghatékony megoldást jelenthet. Fontos azonban, hogy a munkát egy lakókocsi-tető szakember végezze el, hogy a tető megfelelő javítását és tömítését biztosítsa.</p>
<p>A Versiegelung24.com számos terméket kínál a lakókocsi tetőszigeteléséhez. Ha bármilyen kérdése van, a szervizcsapat szívesen segít.</p>

<p>Lakókocsi tetőszigetelés A lakókocsik teteje folyamatosan ki van téve a környezeti hatásoknak, és nagymértékű kopásnak van kitéve. Ezért fontos a lakókocsi tetejének rendszeres tisztítása, karbantartása és javítása, hogy meghosszabbítsa élettartamát. A lakókocsi-tető bevonata vagy vízszigetelése segíthet megvédeni a tetőt a napfény, az eső és a hó okozta károktól. Először is, a lakókocsi tetejét alaposan meg&hellip;&nbsp;<a href="https://www.versiegelung24.com/hu/feluletek/lakokocsi-teto/" rel="bookmark">Read More &raquo;<span class="screen-reader-text">Lakókocsi tető</span></a></p>

<!-- This site is optimized with the Yoast SEO Premium plugin v22.8 (Yoast SEO v27.5) - https://yoast.com/product/yoast-seo-premium-wordpress/ -->
<title>Lakókocsi tetőszigetelés</title>
<meta name="description" content="Védje lakókocsijának tetejét a környezeti hatásoktól lakókocsi-tető bevonattal vagy vízszigeteléssel. Versiegelung24.com termékek" />
<meta name="robots" content="index, follow, max-snippet:-1, max-image-preview:large, max-video-preview:-1" />
<link rel="canonical" href="https://www.versiegelung24.com/hu/feluletek/lakokocsi-teto/" />
<meta property="og:locale" content="hu_HU" />
<meta property="og:type" content="article" />
<meta property="og:title" content="Lakókocsi tető" />
<meta property="og:description" content="Védje lakókocsijának tetejét a környezeti hatásoktól lakókocsi-tető bevonattal vagy vízszigeteléssel. Versiegelung24.com termékek" />
<meta property="og:url" content="https://www.versiegelung24.com/hu/feluletek/lakokocsi-teto/" />
<meta property="og:site_name" content="versiegelung24.com" />
<meta property="article:modified_time" content="2024-01-12T17:21:08+00:00" />
<meta name="twitter:card" content="summary_large_image" />
<meta name="twitter:label1" content="Becsült olvasási idő" />
	<meta name="twitter:data1" content="1 perc" />
<script type="application/ld+json" class="yoast-schema-graph">{"@context":"https:\/\/schema.org","@graph":[{"@type":"WebPage","@id":"https:\/\/www.versiegelung24.com\/hu\/feluletek\/lakokocsi-teto\/","url":"https:\/\/www.versiegelung24.com\/hu\/feluletek\/lakokocsi-teto\/","name":"Lakókocsi tetőszigetelés","isPartOf":{"@id":"https:\/\/www.versiegelung24.com\/hu\/#website"},"datePublished":"2023-02-22T13:40:39+00:00","dateModified":"2024-01-12T17:21:08+00:00","description":"Védje lakókocsijának tetejét a környezeti hatásoktól lakókocsi-tető bevonattal vagy vízszigeteléssel. Versiegelung24.com termékek","breadcrumb":{"@id":"https:\/\/www.versiegelung24.com\/hu\/feluletek\/lakokocsi-teto\/#breadcrumb"},"inLanguage":"hu","potentialAction":[{"@type":"ReadAction","target":["https:\/\/www.versiegelung24.com\/hu\/feluletek\/lakokocsi-teto\/"]}]},{"@type":"BreadcrumbList","@id":"https:\/\/www.versiegelung24.com\/hu\/feluletek\/lakokocsi-teto\/#breadcrumb","itemListElement":[{"@type":"ListItem","position":1,"name":"Honlap","item":"https:\/\/www.versiegelung24.com\/hu\/elol\/"},{"@type":"ListItem","position":2,"name":"Tanácsadó","item":"https:\/\/www.versiegelung24.com\/hu\/tanacsok-a-versiegelung24-termekeivel-kapcsolatban\/"},{"@type":"ListItem","position":3,"name":"felületek","item":"https:\/\/www.versiegelung24.com\/hu\/tanacsok-a-versiegelung24-termekeivel-kapcsolatban\/termekkereso\/"},{"@type":"ListItem","position":4,"name":"Lakókocsi tető"}]},{"@type":"WebSite","@id":"https:\/\/www.versiegelung24.com\/hu\/#website","url":"https:\/\/www.versiegelung24.com\/hu\/","name":"versiegelung24.com","description":"Flüssigglas-Versiegelung - Made in Germany","publisher":{"@id":"https:\/\/www.versiegelung24.com\/hu\/#organization"},"potentialAction":[{"@type":"SearchAction","target":{"@type":"EntryPoint","urlTemplate":"https:\/\/www.versiegelung24.com\/hu\/?s={search_term_string}"},"query-input":{"@type":"PropertyValueSpecification","valueRequired":true,"valueName":"search_term_string"}}],"inLanguage":"hu"},{"@type":"Organization","@id":"https:\/\/www.versiegelung24.com\/hu\/#organization","name":"versiegelung24","url":"https:\/\/www.versiegelung24.com\/hu\/","logo":{"@type":"ImageObject","inLanguage":"hu","@id":"https:\/\/www.versiegelung24.com\/hu\/#\/schema\/logo\/image\/","url":"https:\/\/www.versiegelung24.com\/wp-content\/uploads\/2020\/04\/versiegelung24.png","contentUrl":"https:\/\/www.versiegelung24.com\/wp-content\/uploads\/2020\/04\/versiegelung24.png","width":470,"height":102,"caption":"versiegelung24"},"image":{"@id":"https:\/\/www.versiegelung24.com\/hu\/#\/schema\/logo\/image\/"}}]}</script>
<!-- / Yoast SEO Premium plugin. -->

Lakókocsi tetőszigetelés

Védje lakókocsijának tetejét a környezeti hatásoktól lakókocsi-tető bevonattal vagy vízszigeteléssel. Versiegelung24.com termékek

Tanácsadó

felületek

Flüssigglas-Versiegelung - Made in Germany
