{"id":102793,"date":"2023-02-22T14:53:11","date_gmt":"2023-02-22T13:53:11","guid":{"rendered":"https:\/\/www.versiegelung24.com\/oberflaechen\/guarda-sol-textil\/"},"modified":"2024-01-12T18:32:11","modified_gmt":"2024-01-12T17:32:11","slug":"guarda-sol-textil","status":"publish","type":"ver_surface","link":"https:\/\/www.versiegelung24.com\/pt-pt\/superficies\/guarda-sol-textil\/","title":{"rendered":"Guarda-sol (t\u00eaxtil)"},"content":{"rendered":"<p>Os guarda-s\u00f3is t\u00eaxteis s\u00e3o acess\u00f3rios populares no Ver\u00e3o e podem ser utilizados em muitas aplica\u00e7\u00f5es, tais como na praia, no jardim ou na varanda. Mas os guarda-s\u00f3is est\u00e3o expostos a influ\u00eancias ambientais tais como radia\u00e7\u00e3o UV, chuva, vento e sujidade. Para prolongar a vida do guarda-sol e proteg\u00ea-lo das intemp\u00e9ries, \u00e9 necess\u00e1ria uma impregna\u00e7\u00e3o para o guarda-sol (t\u00eaxtil).<\/p>\n<p>O agente impermeabilizante para guarda-s\u00f3is torna o material repelente de \u00e1gua e protege-o da sujidade. A impregna\u00e7\u00e3o dos guarda-s\u00f3is \u00e9 f\u00e1cil de realizar aplicando o agente de impregna\u00e7\u00e3o \u00e0 superf\u00edcie do guarda-sol e permitindo que este seque.<\/p>\n<p>Os custos de uma impregna\u00e7\u00e3o do guarda-sol (t\u00eaxtil) dependem do tamanho do guarda-sol e do tipo de impregna\u00e7\u00e3o. Mas a impregna\u00e7\u00e3o vale definitivamente a pena, uma vez que prolonga a vida do guarda-sol e o protege dos elementos. Uma impregna\u00e7\u00e3o de guarda-sol (t\u00eaxtil) \u00e9 especialmente necess\u00e1ria para a utiliza\u00e7\u00e3o ao ar livre para tornar o guarda-sol \u00e0 prova de chuva.<\/p>\n<p>Na Versiegelung24.com h\u00e1 muitos produtos para impregna\u00e7\u00e3o de p\u00e1ra-sol (t\u00eaxteis) para comprar online. A nossa equipa de servi\u00e7o ter\u00e1 todo o prazer em responder a quaisquer perguntas que possa ter.<\/p>\n","protected":false},"excerpt":{"rendered":"<p>Os guarda-s\u00f3is t\u00eaxteis s\u00e3o acess\u00f3rios populares no Ver\u00e3o e podem ser utilizados em muitas aplica\u00e7\u00f5es, tais como na praia, no jardim ou na varanda. Mas os guarda-s\u00f3is est\u00e3o expostos a influ\u00eancias ambientais tais como radia\u00e7\u00e3o UV, chuva, vento e sujidade. Para prolongar a vida do guarda-sol e proteg\u00ea-lo das intemp\u00e9ries, \u00e9 necess\u00e1ria uma impregna\u00e7\u00e3o para&hellip;&nbsp;<a href=\"https:\/\/www.versiegelung24.com\/pt-pt\/superficies\/guarda-sol-textil\/\" rel=\"bookmark\">Read More &raquo;<span class=\"screen-reader-text\">Guarda-sol (t\u00eaxtil)<\/span><\/a><\/p>\n","protected":false},"featured_media":0,"template":"","meta":{"_acf_changed":false,"neve_meta_sidebar":"","neve_meta_container":"","neve_meta_enable_content_width":"","neve_meta_content_width":0,"neve_meta_title_alignment":"","neve_meta_author_avatar":"","neve_post_elements_order":"","neve_meta_disable_header":"","neve_meta_disable_footer":"","neve_meta_disable_title":"","neve_meta_reading_time":""},"class_list":["post-102793","ver_surface","type-ver_surface","status-publish","hentry"],"acf":[],"yoast_head":"<!-- This site is optimized with the Yoast SEO Premium plugin v22.8 (Yoast SEO v27.5) - https:\/\/yoast.com\/product\/yoast-seo-premium-wordpress\/ -->\n<title>Impregna\u00e7\u00e3o de guarda-sol (t\u00eaxtil)<\/title>\n<meta name=\"description\" content=\"Uma impregna\u00e7\u00e3o para guarda-sol (t\u00eaxtil) protege contra a radia\u00e7\u00e3o UV, chuva e sujidade. Encomende online agora em Versiegelung24.com!\" \/>\n<meta name=\"robots\" content=\"index, follow, max-snippet:-1, max-image-preview:large, max-video-preview:-1\" \/>\n<link rel=\"canonical\" href=\"https:\/\/www.versiegelung24.com\/pt-pt\/superficies\/guarda-sol-textil\/\" \/>\n<meta property=\"og:locale\" content=\"pt_PT\" \/>\n<meta property=\"og:type\" content=\"article\" \/>\n<meta property=\"og:title\" content=\"Guarda-sol (t\u00eaxtil)\" \/>\n<meta property=\"og:description\" content=\"Uma impregna\u00e7\u00e3o para guarda-sol (t\u00eaxtil) protege contra a radia\u00e7\u00e3o UV, chuva e sujidade. Encomende online agora em Versiegelung24.com!\" \/>\n<meta property=\"og:url\" content=\"https:\/\/www.versiegelung24.com\/pt-pt\/superficies\/guarda-sol-textil\/\" \/>\n<meta property=\"og:site_name\" content=\"versiegelung24.com\" \/>\n<meta property=\"article:modified_time\" content=\"2024-01-12T17:32:11+00:00\" \/>\n<meta name=\"twitter:card\" content=\"summary_large_image\" \/>\n<meta name=\"twitter:label1\" content=\"Tempo estimado de leitura\" \/>\n\t<meta name=\"twitter:data1\" content=\"1 minuto\" \/>\n<script type=\"application\/ld+json\" class=\"yoast-schema-graph\">{\"@context\":\"https:\\\/\\\/schema.org\",\"@graph\":[{\"@type\":\"WebPage\",\"@id\":\"https:\\\/\\\/www.versiegelung24.com\\\/pt-pt\\\/superficies\\\/guarda-sol-textil\\\/\",\"url\":\"https:\\\/\\\/www.versiegelung24.com\\\/pt-pt\\\/superficies\\\/guarda-sol-textil\\\/\",\"name\":\"Impregna\u00e7\u00e3o de guarda-sol (t\u00eaxtil)\",\"isPartOf\":{\"@id\":\"https:\\\/\\\/www.versiegelung24.com\\\/pt-pt\\\/#website\"},\"datePublished\":\"2023-02-22T13:53:11+00:00\",\"dateModified\":\"2024-01-12T17:32:11+00:00\",\"description\":\"Uma impregna\u00e7\u00e3o para guarda-sol (t\u00eaxtil) protege contra a radia\u00e7\u00e3o UV, chuva e sujidade. Encomende online agora em Versiegelung24.com!\",\"breadcrumb\":{\"@id\":\"https:\\\/\\\/www.versiegelung24.com\\\/pt-pt\\\/superficies\\\/guarda-sol-textil\\\/#breadcrumb\"},\"inLanguage\":\"pt-PT\",\"potentialAction\":[{\"@type\":\"ReadAction\",\"target\":[\"https:\\\/\\\/www.versiegelung24.com\\\/pt-pt\\\/superficies\\\/guarda-sol-textil\\\/\"]}]},{\"@type\":\"BreadcrumbList\",\"@id\":\"https:\\\/\\\/www.versiegelung24.com\\\/pt-pt\\\/superficies\\\/guarda-sol-textil\\\/#breadcrumb\",\"itemListElement\":[{\"@type\":\"ListItem\",\"position\":1,\"name\":\"P\u00e1gina inicial\",\"item\":\"https:\\\/\\\/www.versiegelung24.com\\\/pt-pt\\\/frente\\\/\"},{\"@type\":\"ListItem\",\"position\":2,\"name\":\"Conselheiro\",\"item\":\"https:\\\/\\\/www.versiegelung24.com\\\/pt-pt\\\/guia-para-os-produtos-da-versiegelung24\\\/\"},{\"@type\":\"ListItem\",\"position\":3,\"name\":\"Superf\u00edcies\",\"item\":\"https:\\\/\\\/www.versiegelung24.com\\\/pt-pt\\\/guia-para-os-produtos-da-versiegelung24\\\/localizador-de-produtos\\\/\"},{\"@type\":\"ListItem\",\"position\":4,\"name\":\"Guarda-sol (t\u00eaxtil)\"}]},{\"@type\":\"WebSite\",\"@id\":\"https:\\\/\\\/www.versiegelung24.com\\\/pt-pt\\\/#website\",\"url\":\"https:\\\/\\\/www.versiegelung24.com\\\/pt-pt\\\/\",\"name\":\"versiegelung24.com\",\"description\":\"Fl\u00fcssigglas-Versiegelung - Made in Germany\",\"publisher\":{\"@id\":\"https:\\\/\\\/www.versiegelung24.com\\\/pt-pt\\\/#organization\"},\"potentialAction\":[{\"@type\":\"SearchAction\",\"target\":{\"@type\":\"EntryPoint\",\"urlTemplate\":\"https:\\\/\\\/www.versiegelung24.com\\\/pt-pt\\\/?s={search_term_string}\"},\"query-input\":{\"@type\":\"PropertyValueSpecification\",\"valueRequired\":true,\"valueName\":\"search_term_string\"}}],\"inLanguage\":\"pt-PT\"},{\"@type\":\"Organization\",\"@id\":\"https:\\\/\\\/www.versiegelung24.com\\\/pt-pt\\\/#organization\",\"name\":\"versiegelung24\",\"url\":\"https:\\\/\\\/www.versiegelung24.com\\\/pt-pt\\\/\",\"logo\":{\"@type\":\"ImageObject\",\"inLanguage\":\"pt-PT\",\"@id\":\"https:\\\/\\\/www.versiegelung24.com\\\/pt-pt\\\/#\\\/schema\\\/logo\\\/image\\\/\",\"url\":\"https:\\\/\\\/www.versiegelung24.com\\\/wp-content\\\/uploads\\\/2020\\\/04\\\/versiegelung24.png\",\"contentUrl\":\"https:\\\/\\\/www.versiegelung24.com\\\/wp-content\\\/uploads\\\/2020\\\/04\\\/versiegelung24.png\",\"width\":470,\"height\":102,\"caption\":\"versiegelung24\"},\"image\":{\"@id\":\"https:\\\/\\\/www.versiegelung24.com\\\/pt-pt\\\/#\\\/schema\\\/logo\\\/image\\\/\"}}]}<\/script>\n<!-- \/ Yoast SEO Premium plugin. -->","yoast_head_json":{"title":"Impregna\u00e7\u00e3o de guarda-sol (t\u00eaxtil)","description":"Uma impregna\u00e7\u00e3o para guarda-sol (t\u00eaxtil) protege contra a radia\u00e7\u00e3o UV, chuva e sujidade. Encomende online agora em Versiegelung24.com!","robots":{"index":"index","follow":"follow","max-snippet":"max-snippet:-1","max-image-preview":"max-image-preview:large","max-video-preview":"max-video-preview:-1"},"canonical":"https:\/\/www.versiegelung24.com\/pt-pt\/superficies\/guarda-sol-textil\/","og_locale":"pt_PT","og_type":"article","og_title":"Guarda-sol (t\u00eaxtil)","og_description":"Uma impregna\u00e7\u00e3o para guarda-sol (t\u00eaxtil) protege contra a radia\u00e7\u00e3o UV, chuva e sujidade. Encomende online agora em Versiegelung24.com!","og_url":"https:\/\/www.versiegelung24.com\/pt-pt\/superficies\/guarda-sol-textil\/","og_site_name":"versiegelung24.com","article_modified_time":"2024-01-12T17:32:11+00:00","twitter_card":"summary_large_image","twitter_misc":{"Tempo estimado de leitura":"1 minuto"},"schema":{"@context":"https:\/\/schema.org","@graph":[{"@type":"WebPage","@id":"https:\/\/www.versiegelung24.com\/pt-pt\/superficies\/guarda-sol-textil\/","url":"https:\/\/www.versiegelung24.com\/pt-pt\/superficies\/guarda-sol-textil\/","name":"Impregna\u00e7\u00e3o de guarda-sol (t\u00eaxtil)","isPartOf":{"@id":"https:\/\/www.versiegelung24.com\/pt-pt\/#website"},"datePublished":"2023-02-22T13:53:11+00:00","dateModified":"2024-01-12T17:32:11+00:00","description":"Uma impregna\u00e7\u00e3o para guarda-sol (t\u00eaxtil) protege contra a radia\u00e7\u00e3o UV, chuva e sujidade. Encomende online agora em Versiegelung24.com!","breadcrumb":{"@id":"https:\/\/www.versiegelung24.com\/pt-pt\/superficies\/guarda-sol-textil\/#breadcrumb"},"inLanguage":"pt-PT","potentialAction":[{"@type":"ReadAction","target":["https:\/\/www.versiegelung24.com\/pt-pt\/superficies\/guarda-sol-textil\/"]}]},{"@type":"BreadcrumbList","@id":"https:\/\/www.versiegelung24.com\/pt-pt\/superficies\/guarda-sol-textil\/#breadcrumb","itemListElement":[{"@type":"ListItem","position":1,"name":"P\u00e1gina inicial","item":"https:\/\/www.versiegelung24.com\/pt-pt\/frente\/"},{"@type":"ListItem","position":2,"name":"Conselheiro","item":"https:\/\/www.versiegelung24.com\/pt-pt\/guia-para-os-produtos-da-versiegelung24\/"},{"@type":"ListItem","position":3,"name":"Superf\u00edcies","item":"https:\/\/www.versiegelung24.com\/pt-pt\/guia-para-os-produtos-da-versiegelung24\/localizador-de-produtos\/"},{"@type":"ListItem","position":4,"name":"Guarda-sol (t\u00eaxtil)"}]},{"@type":"WebSite","@id":"https:\/\/www.versiegelung24.com\/pt-pt\/#website","url":"https:\/\/www.versiegelung24.com\/pt-pt\/","name":"versiegelung24.com","description":"Fl\u00fcssigglas-Versiegelung - Made in Germany","publisher":{"@id":"https:\/\/www.versiegelung24.com\/pt-pt\/#organization"},"potentialAction":[{"@type":"SearchAction","target":{"@type":"EntryPoint","urlTemplate":"https:\/\/www.versiegelung24.com\/pt-pt\/?s={search_term_string}"},"query-input":{"@type":"PropertyValueSpecification","valueRequired":true,"valueName":"search_term_string"}}],"inLanguage":"pt-PT"},{"@type":"Organization","@id":"https:\/\/www.versiegelung24.com\/pt-pt\/#organization","name":"versiegelung24","url":"https:\/\/www.versiegelung24.com\/pt-pt\/","logo":{"@type":"ImageObject","inLanguage":"pt-PT","@id":"https:\/\/www.versiegelung24.com\/pt-pt\/#\/schema\/logo\/image\/","url":"https:\/\/www.versiegelung24.com\/wp-content\/uploads\/2020\/04\/versiegelung24.png","contentUrl":"https:\/\/www.versiegelung24.com\/wp-content\/uploads\/2020\/04\/versiegelung24.png","width":470,"height":102,"caption":"versiegelung24"},"image":{"@id":"https:\/\/www.versiegelung24.com\/pt-pt\/#\/schema\/logo\/image\/"}}]}},"_links":{"self":[{"href":"https:\/\/www.versiegelung24.com\/pt-pt\/wp-json\/wp\/v2\/ver_surface\/102793","targetHints":{"allow":["GET"]}}],"collection":[{"href":"https:\/\/www.versiegelung24.com\/pt-pt\/wp-json\/wp\/v2\/ver_surface"}],"about":[{"href":"https:\/\/www.versiegelung24.com\/pt-pt\/wp-json\/wp\/v2\/types\/ver_surface"}],"wp:attachment":[{"href":"https:\/\/www.versiegelung24.com\/pt-pt\/wp-json\/wp\/v2\/media?parent=102793"}],"curies":[{"name":"wp","href":"https:\/\/api.w.org\/{rel}","templated":true}]}}

Guarda-sol (têxtil)

<p>Os guarda-sóis têxteis são acessórios populares no Verão e podem ser utilizados em muitas aplicações, tais como na praia, no jardim ou na varanda. Mas os guarda-sóis estão expostos a influências ambientais tais como radiação UV, chuva, vento e sujidade. Para prolongar a vida do guarda-sol e protegê-lo das intempéries, é necessária uma impregnação para o guarda-sol (têxtil).</p>
<p>O agente impermeabilizante para guarda-sóis torna o material repelente de água e protege-o da sujidade. A impregnação dos guarda-sóis é fácil de realizar aplicando o agente de impregnação à superfície do guarda-sol e permitindo que este seque.</p>
<p>Os custos de uma impregnação do guarda-sol (têxtil) dependem do tamanho do guarda-sol e do tipo de impregnação. Mas a impregnação vale definitivamente a pena, uma vez que prolonga a vida do guarda-sol e o protege dos elementos. Uma impregnação de guarda-sol (têxtil) é especialmente necessária para a utilização ao ar livre para tornar o guarda-sol à prova de chuva.</p>
<p>Na Versiegelung24.com há muitos produtos para impregnação de pára-sol (têxteis) para comprar online. A nossa equipa de serviço terá todo o prazer em responder a quaisquer perguntas que possa ter.</p>

<p>Os guarda-sóis têxteis são acessórios populares no Verão e podem ser utilizados em muitas aplicações, tais como na praia, no jardim ou na varanda. Mas os guarda-sóis estão expostos a influências ambientais tais como radiação UV, chuva, vento e sujidade. Para prolongar a vida do guarda-sol e protegê-lo das intempéries, é necessária uma impregnação para&hellip;&nbsp;<a href="https://www.versiegelung24.com/pt-pt/superficies/guarda-sol-textil/" rel="bookmark">Read More &raquo;<span class="screen-reader-text">Guarda-sol (têxtil)</span></a></p>

<!-- This site is optimized with the Yoast SEO Premium plugin v22.8 (Yoast SEO v27.5) - https://yoast.com/product/yoast-seo-premium-wordpress/ -->
<title>Impregnação de guarda-sol (têxtil)</title>
<meta name="description" content="Uma impregnação para guarda-sol (têxtil) protege contra a radiação UV, chuva e sujidade. Encomende online agora em Versiegelung24.com!" />
<meta name="robots" content="index, follow, max-snippet:-1, max-image-preview:large, max-video-preview:-1" />
<link rel="canonical" href="https://www.versiegelung24.com/pt-pt/superficies/guarda-sol-textil/" />
<meta property="og:locale" content="pt_PT" />
<meta property="og:type" content="article" />
<meta property="og:title" content="Guarda-sol (têxtil)" />
<meta property="og:description" content="Uma impregnação para guarda-sol (têxtil) protege contra a radiação UV, chuva e sujidade. Encomende online agora em Versiegelung24.com!" />
<meta property="og:url" content="https://www.versiegelung24.com/pt-pt/superficies/guarda-sol-textil/" />
<meta property="og:site_name" content="versiegelung24.com" />
<meta property="article:modified_time" content="2024-01-12T17:32:11+00:00" />
<meta name="twitter:card" content="summary_large_image" />
<meta name="twitter:label1" content="Tempo estimado de leitura" />
	<meta name="twitter:data1" content="1 minuto" />
<script type="application/ld+json" class="yoast-schema-graph">{"@context":"https:\/\/schema.org","@graph":[{"@type":"WebPage","@id":"https:\/\/www.versiegelung24.com\/pt-pt\/superficies\/guarda-sol-textil\/","url":"https:\/\/www.versiegelung24.com\/pt-pt\/superficies\/guarda-sol-textil\/","name":"Impregnação de guarda-sol (têxtil)","isPartOf":{"@id":"https:\/\/www.versiegelung24.com\/pt-pt\/#website"},"datePublished":"2023-02-22T13:53:11+00:00","dateModified":"2024-01-12T17:32:11+00:00","description":"Uma impregnação para guarda-sol (têxtil) protege contra a radiação UV, chuva e sujidade. Encomende online agora em Versiegelung24.com!","breadcrumb":{"@id":"https:\/\/www.versiegelung24.com\/pt-pt\/superficies\/guarda-sol-textil\/#breadcrumb"},"inLanguage":"pt-PT","potentialAction":[{"@type":"ReadAction","target":["https:\/\/www.versiegelung24.com\/pt-pt\/superficies\/guarda-sol-textil\/"]}]},{"@type":"BreadcrumbList","@id":"https:\/\/www.versiegelung24.com\/pt-pt\/superficies\/guarda-sol-textil\/#breadcrumb","itemListElement":[{"@type":"ListItem","position":1,"name":"Página inicial","item":"https:\/\/www.versiegelung24.com\/pt-pt\/frente\/"},{"@type":"ListItem","position":2,"name":"Conselheiro","item":"https:\/\/www.versiegelung24.com\/pt-pt\/guia-para-os-produtos-da-versiegelung24\/"},{"@type":"ListItem","position":3,"name":"Superfícies","item":"https:\/\/www.versiegelung24.com\/pt-pt\/guia-para-os-produtos-da-versiegelung24\/localizador-de-produtos\/"},{"@type":"ListItem","position":4,"name":"Guarda-sol (têxtil)"}]},{"@type":"WebSite","@id":"https:\/\/www.versiegelung24.com\/pt-pt\/#website","url":"https:\/\/www.versiegelung24.com\/pt-pt\/","name":"versiegelung24.com","description":"Flüssigglas-Versiegelung - Made in Germany","publisher":{"@id":"https:\/\/www.versiegelung24.com\/pt-pt\/#organization"},"potentialAction":[{"@type":"SearchAction","target":{"@type":"EntryPoint","urlTemplate":"https:\/\/www.versiegelung24.com\/pt-pt\/?s={search_term_string}"},"query-input":{"@type":"PropertyValueSpecification","valueRequired":true,"valueName":"search_term_string"}}],"inLanguage":"pt-PT"},{"@type":"Organization","@id":"https:\/\/www.versiegelung24.com\/pt-pt\/#organization","name":"versiegelung24","url":"https:\/\/www.versiegelung24.com\/pt-pt\/","logo":{"@type":"ImageObject","inLanguage":"pt-PT","@id":"https:\/\/www.versiegelung24.com\/pt-pt\/#\/schema\/logo\/image\/","url":"https:\/\/www.versiegelung24.com\/wp-content\/uploads\/2020\/04\/versiegelung24.png","contentUrl":"https:\/\/www.versiegelung24.com\/wp-content\/uploads\/2020\/04\/versiegelung24.png","width":470,"height":102,"caption":"versiegelung24"},"image":{"@id":"https:\/\/www.versiegelung24.com\/pt-pt\/#\/schema\/logo\/image\/"}}]}</script>
<!-- / Yoast SEO Premium plugin. -->

Impregnação de guarda-sol (têxtil)

Uma impregnação para guarda-sol (têxtil) protege contra a radiação UV, chuva e sujidade. Encomende online agora em Versiegelung24.com!

Página inicial

Superfícies

Flüssigglas-Versiegelung - Made in Germany
